{"id":15,"date":"2023-06-27T16:31:35","date_gmt":"2023-06-27T14:31:35","guid":{"rendered":"https:\/\/befa-shop.eu\/?post_type=product&#038;p=15"},"modified":"2023-06-29T18:33:24","modified_gmt":"2023-06-29T16:33:24","slug":"ab1x","status":"publish","type":"product","link":"https:\/\/befa-shop.eu\/?product=ab1x","title":{"rendered":"AB1X"},"content":{"rendered":"<p>Cl\u00e9 plate. T\u00eate de cl\u00e9 : 62.<\/p>\n<p>Cat\u00e9gories : cylindres.<\/p>\n<p>Acier.<\/p>\n<p>Dimensions cl\u00e9s : Longueur de lame : 27. Epaisseur de la lame : 2,2. Largeur de la lame : 8,25. Longueur de la cl\u00e9 : 58.<\/p>\n<p>ABUS, ANCRE, CHAVO, CISA, CORBIN, ESCO, GEFI, GTV, JET, JPM, KALE, OTHMER, SCH\u00dcCO.<\/p>\n","protected":false},"excerpt":{"rendered":"<p>AB1X. Cl\u00e9 plate.<\/p>\n","protected":false},"featured_media":16,"comment_status":"open","ping_status":"closed","template":"","meta":{"om_disable_all_campaigns":false,"_monsterinsights_skip_tracking":false,"_monsterinsights_sitenote_active":false,"_monsterinsights_sitenote_note":"","_monsterinsights_sitenote_category":0},"product_brand":[],"product_cat":[41],"product_tag":[20],"class_list":{"0":"post-15","1":"product","2":"type-product","3":"status-publish","4":"has-post-thumbnail","6":"product_cat-cle-plate","7":"product_tag-ab1x","9":"first","10":"instock","11":"taxable","12":"shipping-taxable","13":"product-type-simple"},"aioseo_notices":[],"jetpack_sharing_enabled":true,"_links":{"self":[{"href":"https:\/\/befa-shop.eu\/index.php?rest_route=\/wp\/v2\/product\/15","targetHints":{"allow":["GET"]}}],"collection":[{"href":"https:\/\/befa-shop.eu\/index.php?rest_route=\/wp\/v2\/product"}],"about":[{"href":"https:\/\/befa-shop.eu\/index.php?rest_route=\/wp\/v2\/types\/product"}],"replies":[{"embeddable":true,"href":"https:\/\/befa-shop.eu\/index.php?rest_route=%2Fwp%2Fv2%2Fcomments&post=15"}],"wp:featuredmedia":[{"embeddable":true,"href":"https:\/\/befa-shop.eu\/index.php?rest_route=\/wp\/v2\/media\/16"}],"wp:attachment":[{"href":"https:\/\/befa-shop.eu\/index.php?rest_route=%2Fwp%2Fv2%2Fmedia&parent=15"}],"wp:term":[{"taxonomy":"product_brand","embeddable":true,"href":"https:\/\/befa-shop.eu\/index.php?rest_route=%2Fwp%2Fv2%2Fproduct_brand&post=15"},{"taxonomy":"product_cat","embeddable":true,"href":"https:\/\/befa-shop.eu\/index.php?rest_route=%2Fwp%2Fv2%2Fproduct_cat&post=15"},{"taxonomy":"product_tag","embeddable":true,"href":"https:\/\/befa-shop.eu\/index.php?rest_route=%2Fwp%2Fv2%2Fproduct_tag&post=15"}],"curies":[{"name":"wp","href":"https:\/\/api.w.org\/{rel}","templated":true}]}}